{"id":271,"date":"2025-12-09T13:02:52","date_gmt":"2025-12-09T13:02:52","guid":{"rendered":"https:\/\/coralieleufroy.fr\/?page_id=271"},"modified":"2025-12-09T13:02:52","modified_gmt":"2025-12-09T13:02:52","slug":"puravita","status":"publish","type":"page","link":"https:\/\/coralieleufroy.fr\/index.php\/puravita\/","title":{"rendered":"PuraVita"},"content":{"rendered":"\n<h2 class=\"wp-block-heading\">Pura Vita<\/h2>\n\n\n\n<div class=\"wp-block-media-text alignwide is-stacked-on-mobile\" style=\"grid-template-columns:34% auto\"><figure class=\"wp-block-media-text__media\"><img loading=\"lazy\" decoding=\"async\" width=\"624\" height=\"871\" src=\"https:\/\/coralieleufroy.fr\/wp-content\/uploads\/2025\/12\/AFFICHE.png\" alt=\"\" class=\"wp-image-272 size-full\" srcset=\"https:\/\/coralieleufroy.fr\/wp-content\/uploads\/2025\/12\/AFFICHE.png 624w, https:\/\/coralieleufroy.fr\/wp-content\/uploads\/2025\/12\/AFFICHE-215x300.png 215w\" sizes=\"auto, (max-width: 624px) 100vw, 624px\" \/><\/figure><div class=\"wp-block-media-text__content\">\n<p>Pour cette entreprise de box mensuelles d\u00e9di\u00e9es au bien-\u00eatre naturel, j\u2019ai imagin\u00e9 une affiche \u00e0 l\u2019atmosph\u00e8re douce et contemporaine, pens\u00e9e pour refl\u00e9ter un retour \u00e0 l\u2019essentiel. L\u2019univers visuel s\u2019articule autour de tons lavande, beige et blanc cass\u00e9, ponctu\u00e9s d\u2019accents dor\u00e9s qui apportent une touche de d\u00e9licatesse et d\u2019\u00e9l\u00e9gance.<\/p>\n\n\n\n<p>Au centre, une box ouverte r\u00e9v\u00e8le une s\u00e9lection de produits naturels, soigneusement dispos\u00e9s pour \u00e9voquer la g\u00e9n\u00e9rosit\u00e9 et la s\u00e9r\u00e9nit\u00e9 du rituel bien-\u00eatre. L\u2019ensemble compose une image apaisante, o\u00f9 chaque \u00e9l\u00e9ment contribue \u00e0 instaurer une sensation de calme, d\u2019harmonie et de reconnexion \u00e0 soi.<\/p>\n\n\n\n<p>Une direction artistique qui traduit l\u2019esprit de la marque : offrir chaque mois une parenth\u00e8se de douceur, inspir\u00e9e par la nature et pens\u00e9e pour le bien-\u00eatre quotidien.<\/p>\n<\/div><\/div>\n\n\n\n<figure class=\"wp-block-image alignwide size-large\"><img loading=\"lazy\" decoding=\"async\" width=\"1024\" height=\"751\" src=\"https:\/\/coralieleufroy.fr\/wp-content\/uploads\/2025\/12\/AFFICHAGE-SUBWAY-1024x751.png\" alt=\"\" class=\"wp-image-273\" srcset=\"https:\/\/coralieleufroy.fr\/wp-content\/uploads\/2025\/12\/AFFICHAGE-SUBWAY-1024x751.png 1024w, https:\/\/coralieleufroy.fr\/wp-content\/uploads\/2025\/12\/AFFICHAGE-SUBWAY-300x220.png 300w, https:\/\/coralieleufroy.fr\/wp-content\/uploads\/2025\/12\/AFFICHAGE-SUBWAY-768x563.png 768w, https:\/\/coralieleufroy.fr\/wp-content\/uploads\/2025\/12\/AFFICHAGE-SUBWAY-1536x1126.png 1536w, https:\/\/coralieleufroy.fr\/wp-content\/uploads\/2025\/12\/AFFICHAGE-SUBWAY-2048x1502.png 2048w\" sizes=\"auto, (max-width: 1024px) 100vw, 1024px\" \/><\/figure>\n","protected":false},"excerpt":{"rendered":"<p>Pura Vita Pour cette entreprise de box mensuelles d\u00e9di\u00e9es au bien-\u00eatre naturel, j\u2019ai imagin\u00e9 une affiche \u00e0 l\u2019atmosph\u00e8re douce et contemporaine, pens\u00e9e pour refl\u00e9ter un retour \u00e0 l\u2019essentiel. L\u2019univers visuel s\u2019articule autour de tons lavande, beige et blanc cass\u00e9, ponctu\u00e9s d\u2019accents dor\u00e9s qui apportent une touche de d\u00e9licatesse et d\u2019\u00e9l\u00e9gance. Au centre, une box ouverte [&hellip;]<\/p>\n","protected":false},"author":1,"featured_media":0,"parent":0,"menu_order":0,"comment_status":"closed","ping_status":"closed","template":"","meta":{"footnotes":""},"class_list":["post-271","page","type-page","status-publish","hentry"],"_links":{"self":[{"href":"https:\/\/coralieleufroy.fr\/index.php\/wp-json\/wp\/v2\/pages\/271","targetHints":{"allow":["GET"]}}],"collection":[{"href":"https:\/\/coralieleufroy.fr\/index.php\/wp-json\/wp\/v2\/pages"}],"about":[{"href":"https:\/\/coralieleufroy.fr\/index.php\/wp-json\/wp\/v2\/types\/page"}],"author":[{"embeddable":true,"href":"https:\/\/coralieleufroy.fr\/index.php\/wp-json\/wp\/v2\/users\/1"}],"replies":[{"embeddable":true,"href":"https:\/\/coralieleufroy.fr\/index.php\/wp-json\/wp\/v2\/comments?post=271"}],"version-history":[{"count":1,"href":"https:\/\/coralieleufroy.fr\/index.php\/wp-json\/wp\/v2\/pages\/271\/revisions"}],"predecessor-version":[{"id":274,"href":"https:\/\/coralieleufroy.fr\/index.php\/wp-json\/wp\/v2\/pages\/271\/revisions\/274"}],"wp:attachment":[{"href":"https:\/\/coralieleufroy.fr\/index.php\/wp-json\/wp\/v2\/media?parent=271"}],"curies":[{"name":"wp","href":"https:\/\/api.w.org\/{rel}","templated":true}]}}