{"id":257,"date":"2025-12-09T11:16:41","date_gmt":"2025-12-09T11:16:41","guid":{"rendered":"https:\/\/coralieleufroy.fr\/?page_id=257"},"modified":"2025-12-09T11:16:41","modified_gmt":"2025-12-09T11:16:41","slug":"video-reseaux-sociaux-dynamique","status":"publish","type":"page","link":"https:\/\/coralieleufroy.fr\/index.php\/video-reseaux-sociaux-dynamique\/","title":{"rendered":"Vid\u00e9o R\u00e9seaux sociaux dynamique"},"content":{"rendered":"\n<h2 class=\"wp-block-heading\">Vid\u00e9o : Je cr\u00e9\u00e9 le logo de mon chien<\/h2>\n\n\n\n<p><br>Pour ce projet, j\u2019ai r\u00e9alis\u00e9 une vid\u00e9o courte et dynamique destin\u00e9e aux r\u00e9seaux sociaux, dans laquelle je cr\u00e9e l\u2019identit\u00e9 visuelle de mon chien. J\u2019y explore un univers graphique ludique et personnalis\u00e9, pens\u00e9 pour refl\u00e9ter son caract\u00e8re et son \u00e9nergie. Le format rythm\u00e9 met en valeur chaque \u00e9tape du processus cr\u00e9atif\u00a0 du choix des couleurs aux illustrations finales tout en offrant un contenu adapt\u00e9 aux codes des plateformes sociales. Une mani\u00e8re de m\u00ealer storytelling, design et affection dans une cr\u00e9ation \u00e0 la fois l\u00e9g\u00e8re et professionnelle.<\/p>\n\n\n\n<figure class=\"wp-block-embed aligncenter is-type-video is-provider-youtube wp-block-embed-youtube wp-embed-aspect-9-16 wp-has-aspect-ratio\"><div class=\"wp-block-embed__wrapper\">\n<iframe loading=\"lazy\" title=\"Et si mon chien avait son logo ?\" width=\"422\" height=\"750\" src=\"https:\/\/www.youtube.com\/embed\/w_GG4DADgWI?feature=oembed\" frameborder=\"0\" allow=\"accelerometer; autoplay; clipboard-write; encrypted-media; gyroscope; picture-in-picture; web-share\" referrerpolicy=\"strict-origin-when-cross-origin\" allowfullscreen><\/iframe>\n<\/div><\/figure>\n","protected":false},"excerpt":{"rendered":"<p>Vid\u00e9o : Je cr\u00e9\u00e9 le logo de mon chien Pour ce projet, j\u2019ai r\u00e9alis\u00e9 une vid\u00e9o courte et dynamique destin\u00e9e aux r\u00e9seaux sociaux, dans laquelle je cr\u00e9e l\u2019identit\u00e9 visuelle de mon chien. J\u2019y explore un univers graphique ludique et personnalis\u00e9, pens\u00e9 pour refl\u00e9ter son caract\u00e8re et son \u00e9nergie. Le format rythm\u00e9 met en valeur chaque [&hellip;]<\/p>\n","protected":false},"author":1,"featured_media":0,"parent":0,"menu_order":0,"comment_status":"closed","ping_status":"closed","template":"","meta":{"footnotes":""},"class_list":["post-257","page","type-page","status-publish","hentry"],"_links":{"self":[{"href":"https:\/\/coralieleufroy.fr\/index.php\/wp-json\/wp\/v2\/pages\/257","targetHints":{"allow":["GET"]}}],"collection":[{"href":"https:\/\/coralieleufroy.fr\/index.php\/wp-json\/wp\/v2\/pages"}],"about":[{"href":"https:\/\/coralieleufroy.fr\/index.php\/wp-json\/wp\/v2\/types\/page"}],"author":[{"embeddable":true,"href":"https:\/\/coralieleufroy.fr\/index.php\/wp-json\/wp\/v2\/users\/1"}],"replies":[{"embeddable":true,"href":"https:\/\/coralieleufroy.fr\/index.php\/wp-json\/wp\/v2\/comments?post=257"}],"version-history":[{"count":1,"href":"https:\/\/coralieleufroy.fr\/index.php\/wp-json\/wp\/v2\/pages\/257\/revisions"}],"predecessor-version":[{"id":258,"href":"https:\/\/coralieleufroy.fr\/index.php\/wp-json\/wp\/v2\/pages\/257\/revisions\/258"}],"wp:attachment":[{"href":"https:\/\/coralieleufroy.fr\/index.php\/wp-json\/wp\/v2\/media?parent=257"}],"curies":[{"name":"wp","href":"https:\/\/api.w.org\/{rel}","templated":true}]}}